{"id":45,"date":"2016-04-14T20:08:19","date_gmt":"2016-04-14T18:08:19","guid":{"rendered":"http:\/\/www.licht-leben.de\/?page_id=45"},"modified":"2025-11-26T19:21:04","modified_gmt":"2025-11-26T18:21:04","slug":"hebammenleistungen","status":"publish","type":"page","link":"https:\/\/www.licht-leben.de\/?page_id=45","title":{"rendered":"Hebammenleistungen"},"content":{"rendered":"<p>Hilfe bei Beschwerden in der Schwangerschaft, telefonische Beratung und Beratung bei mir in der Praxis oder bei Ihnen zu hause.<\/p>\n<p>Ern\u00e4hrungsberatung in der Schwangerschaft<\/p>\n<p>Vorsorge in der Schwangerschaft<\/p>\n<p>Wochenbettbetreuung<\/p>\n<p>Unterst\u00fctzung des Stillens und Beratung bei Stillschwierigkeiten und&nbsp; Ern\u00e4hrung&nbsp; des S\u00e4uglings, Beikosteinf\u00fchrung<\/p>\n<p>Bitte vereinbaren Sie einen Termin mit mir.<\/p>\n<p>Ich freue mich Sie kennen zu lernen.<\/p>\n","protected":false},"excerpt":{"rendered":"<p>Hilfe bei Beschwerden in der Schwangerschaft, telefonische Beratung und Beratung bei mir in der Praxis oder bei Ihnen zu hause. Ern\u00e4hrungsberatung in der Schwangerschaft Vorsorge in der Schwangerschaft Wochenbettbetreuung Unterst\u00fctzung des Stillens und Beratung bei Stillschwierigkeiten und&nbsp; Ern\u00e4hrung&nbsp; des S\u00e4uglings, &hellip; <a href=\"https:\/\/www.licht-leben.de\/?page_id=45\">Weiterlesen <span class=\"meta-nav\">&rarr;<\/span><\/a><\/p>\n","protected":false},"author":1,"featured_media":96,"parent":42,"menu_order":0,"comment_status":"closed","ping_status":"closed","template":"","meta":[],"_links":{"self":[{"href":"https:\/\/www.licht-leben.de\/index.php?rest_route=\/wp\/v2\/pages\/45"}],"collection":[{"href":"https:\/\/www.licht-leben.de\/index.php?rest_route=\/wp\/v2\/pages"}],"about":[{"href":"https:\/\/www.licht-leben.de\/index.php?rest_route=\/wp\/v2\/types\/page"}],"author":[{"embeddable":true,"href":"https:\/\/www.licht-leben.de\/index.php?rest_route=\/wp\/v2\/users\/1"}],"replies":[{"embeddable":true,"href":"https:\/\/www.licht-leben.de\/index.php?rest_route=%2Fwp%2Fv2%2Fcomments&post=45"}],"version-history":[{"count":4,"href":"https:\/\/www.licht-leben.de\/index.php?rest_route=\/wp\/v2\/pages\/45\/revisions"}],"predecessor-version":[{"id":264,"href":"https:\/\/www.licht-leben.de\/index.php?rest_route=\/wp\/v2\/pages\/45\/revisions\/264"}],"up":[{"embeddable":true,"href":"https:\/\/www.licht-leben.de\/index.php?rest_route=\/wp\/v2\/pages\/42"}],"wp:featuredmedia":[{"embeddable":true,"href":"https:\/\/www.licht-leben.de\/index.php?rest_route=\/wp\/v2\/media\/96"}],"wp:attachment":[{"href":"https:\/\/www.licht-leben.de\/index.php?rest_route=%2Fwp%2Fv2%2Fmedia&parent=45"}],"curies":[{"name":"wp","href":"https:\/\/api.w.org\/{rel}","templated":true}]}}