{"id":147,"date":"2016-05-05T11:34:05","date_gmt":"2016-05-05T09:34:05","guid":{"rendered":"http:\/\/www.licht-leben.de\/?page_id=147"},"modified":"2016-05-05T11:34:05","modified_gmt":"2016-05-05T09:34:05","slug":"kristallschalenmassage","status":"publish","type":"page","link":"https:\/\/www.licht-leben.de\/?page_id=147","title":{"rendered":"Kristallschalenmassage"},"content":{"rendered":"<p style=\"text-align: justify;\">Die Welt ist Klang.<\/p>\n<p style=\"text-align: justify;\">Die Klangmassage versteht sich als eine ganzheitliche Entspannungsmethode<em>,<\/em> die K\u00f6rper, Geist und Seele anspricht.\u00a0 Kristallklangschalen haben einen extrem langen Nachklang, einen raumf\u00fcllenden und energiereichen Ton.<\/p>\n<p>Die obertonreichen Kl\u00e4nge der Klangschalen energetisieren und durchdringen jede Zelle des K\u00f6rpers, Zellen werden angeregt in Resonanz zu gehen und unterst\u00fctzen so unser Immunsystem. Spannungen und Blockaden k\u00f6nnen sich l\u00f6sen, Gef\u00fchle frei flie\u00dfen, und heilende Energien werden frei gesetzt.<\/p>\n<p style=\"text-align: justify;\" align=\"justify\">Kl\u00e4nge der Kristallklangschalen sprechen unser Unterbewusstsein an, Intuition wird gest\u00e4rkt und Wohlbefinden gesteigert. Verbindung zu uns selbst und unserem g\u00f6ttlichen Wesenskern wird gef\u00f6rdert. Klangmassagen sind eine wunderbare M\u00f6glichkeit die Einheit mit seinem wahren Selbst und dem eigenen K\u00f6rper wieder herzustellen.<\/p>\n<p style=\"text-align: justify;\" align=\"justify\">\n<p>&nbsp;<\/p>\n<p>&nbsp;<\/p>\n<div id=\"cc-m-10099700895\" class=\"j-module n j-text \">\n<p>&nbsp;<\/p>\n<p>&nbsp;<\/p>\n<p>&nbsp;<\/p>\n<\/div>\n","protected":false},"excerpt":{"rendered":"<p>Die Welt ist Klang. Die Klangmassage versteht sich als eine ganzheitliche Entspannungsmethode, die K\u00f6rper, Geist und Seele anspricht.\u00a0 Kristallklangschalen haben einen extrem langen Nachklang, einen raumf\u00fcllenden und energiereichen Ton. Die obertonreichen Kl\u00e4nge der Klangschalen energetisieren und durchdringen jede Zelle des &hellip; <a href=\"https:\/\/www.licht-leben.de\/?page_id=147\">Weiterlesen <span class=\"meta-nav\">&rarr;<\/span><\/a><\/p>\n","protected":false},"author":1,"featured_media":0,"parent":0,"menu_order":0,"comment_status":"closed","ping_status":"closed","template":"","meta":[],"_links":{"self":[{"href":"https:\/\/www.licht-leben.de\/index.php?rest_route=\/wp\/v2\/pages\/147"}],"collection":[{"href":"https:\/\/www.licht-leben.de\/index.php?rest_route=\/wp\/v2\/pages"}],"about":[{"href":"https:\/\/www.licht-leben.de\/index.php?rest_route=\/wp\/v2\/types\/page"}],"author":[{"embeddable":true,"href":"https:\/\/www.licht-leben.de\/index.php?rest_route=\/wp\/v2\/users\/1"}],"replies":[{"embeddable":true,"href":"https:\/\/www.licht-leben.de\/index.php?rest_route=%2Fwp%2Fv2%2Fcomments&post=147"}],"version-history":[{"count":1,"href":"https:\/\/www.licht-leben.de\/index.php?rest_route=\/wp\/v2\/pages\/147\/revisions"}],"predecessor-version":[{"id":149,"href":"https:\/\/www.licht-leben.de\/index.php?rest_route=\/wp\/v2\/pages\/147\/revisions\/149"}],"wp:attachment":[{"href":"https:\/\/www.licht-leben.de\/index.php?rest_route=%2Fwp%2Fv2%2Fmedia&parent=147"}],"curies":[{"name":"wp","href":"https:\/\/api.w.org\/{rel}","templated":true}]}}