{"id":144,"date":"2016-05-05T11:03:06","date_gmt":"2016-05-05T09:03:06","guid":{"rendered":"http:\/\/www.licht-leben.de\/?page_id=144"},"modified":"2016-05-05T11:35:15","modified_gmt":"2016-05-05T09:35:15","slug":"schamanische","status":"publish","type":"page","link":"https:\/\/www.licht-leben.de\/?page_id=144","title":{"rendered":"Schamanismus"},"content":{"rendered":"<p>Schamanismus bedeutet f\u00fcr mich, sich in Verbindung bringen mit Allem, All-Eins, auf einer tiefen Bewusstseinebene mit dem Hintergrund der eigenen kulturellen Geschichte.<\/p>\n<p class=\"Absatz_normnal\">Die V\u00f6lker der Erde haben dieses geheiligte Wissen besessen und es ist verankert in uns. Wir k\u00f6nnen Zugang finden zu diesem Wissen.<\/p>\n<p class=\"Absatz_normnal\">Schamanische Reisen, unterst\u00fctzt durch einen Rhythmus von Trommel oder Rassel von ca. 240 Schl\u00e4gen pro Minuten unterst\u00fctzen unser Gehirn in einen tiefen Meditationszustand zu kommen. Unsere Gehirnwellen wechseln vom Alltagsbewusstsein mit messbaren Wellen im <span class=\"xbig\">Beta Bereich (38 &#8211; 15 Hz) zum Theta Bereich (7 &#8211; 4 Hz) bei tiefer Entspannung und Meditation. Das ist die sogenannte Schamanische Trance. In diesem auch Wach Trance genannten Zustand haben wir Zugang zu unserem inneren Wissen, k\u00f6nnen darauf zu greifen und es mit in unser Wachbewusstsein nehmen. Dieses unterst\u00fctzt unsere Gesundheit in allen Bereichen unseres Seins. Die Frequenz der Erde betr\u00e4gt ca. 7,8 Hz und ist \u00e4quivalent zu den Gehirnwellen im hohen Theta-Bereich und im niedrigen Alpha-Bereich. Das Trommeln\/Rasseln erm\u00f6glicht es die Gehirnwellen mit dem Puls der Erde in Einklang zu bringen uns in Verbindung zu bringen.<br \/>\n<\/span><\/p>\n<p class=\"Absatz_normnal\">\n","protected":false},"excerpt":{"rendered":"<p>Schamanismus bedeutet f\u00fcr mich, sich in Verbindung bringen mit Allem, All-Eins, auf einer tiefen Bewusstseinebene mit dem Hintergrund der eigenen kulturellen Geschichte. Die V\u00f6lker der Erde haben dieses geheiligte Wissen besessen und es ist verankert in uns. Wir k\u00f6nnen Zugang &hellip; <a href=\"https:\/\/www.licht-leben.de\/?page_id=144\">Weiterlesen <span class=\"meta-nav\">&rarr;<\/span><\/a><\/p>\n","protected":false},"author":1,"featured_media":0,"parent":0,"menu_order":0,"comment_status":"closed","ping_status":"closed","template":"","meta":[],"_links":{"self":[{"href":"https:\/\/www.licht-leben.de\/index.php?rest_route=\/wp\/v2\/pages\/144"}],"collection":[{"href":"https:\/\/www.licht-leben.de\/index.php?rest_route=\/wp\/v2\/pages"}],"about":[{"href":"https:\/\/www.licht-leben.de\/index.php?rest_route=\/wp\/v2\/types\/page"}],"author":[{"embeddable":true,"href":"https:\/\/www.licht-leben.de\/index.php?rest_route=\/wp\/v2\/users\/1"}],"replies":[{"embeddable":true,"href":"https:\/\/www.licht-leben.de\/index.php?rest_route=%2Fwp%2Fv2%2Fcomments&post=144"}],"version-history":[{"count":2,"href":"https:\/\/www.licht-leben.de\/index.php?rest_route=\/wp\/v2\/pages\/144\/revisions"}],"predecessor-version":[{"id":152,"href":"https:\/\/www.licht-leben.de\/index.php?rest_route=\/wp\/v2\/pages\/144\/revisions\/152"}],"wp:attachment":[{"href":"https:\/\/www.licht-leben.de\/index.php?rest_route=%2Fwp%2Fv2%2Fmedia&parent=144"}],"curies":[{"name":"wp","href":"https:\/\/api.w.org\/{rel}","templated":true}]}}